5
What is the highest common factor of 24716338 and 1272?
106
Calculate the greatest common divisor of 2542 and 17279245.
1271
Calculate the highest common factor of 69 and 265593.
3
Calculate the highest common divisor of 399089 and 22534.
593
Calculate the highest common divisor of 32 and 1238864.
16
What is the greatest common factor of 185666 and 62339?
193
Calculate the highest common divisor of 760 and 89034000.
760
What is the highest common factor of 1866 and 73703268?
1866
What is the highest common factor of 26 and 73371337?
13
Calculate the greatest common divisor of 608 and 6251912.
152
What is the greatest common divisor of 192 and 103627840?
64
Calculate the highest common divisor of 43622421 and 345.
69
What is the greatest common divisor of 9779 and 290983?
77
Calculate the greatest common divisor of 1218690 and 389070.
990
Calculate the greatest common factor of 115 and 71317181.
23
What is the greatest common factor of 22675 and 3225?
25
Calculate the highest common factor of 177 and 166256808.
177
What is the greatest common factor of 6528 and 37435008?
384
Calculate the greatest common factor of 1378047057 and 8847.
2949
Calculate the highest common factor of 31217108 and 16510.
3302
Calculate the greatest common divisor of 3 and 5815977.
3
Calculate the highest common divisor of 1312 and 424886608.
656
What is the highest common divisor of 495403797 and 21?
21
What is the greatest common divisor of 13831832 and 1288?
1288
What is the highest common divisor of 2125 and 33884875?
125
What is the greatest common factor of 5643 and 96754251?
627
What is the highest common divisor of 10274017 and 312?
13
Calculate the highest common factor of 4737091 and 1310.
131
What is the greatest common divisor of 1275 and 867857225?
425
What is the highest common factor of 193510 and 190?
10
What is the highest common divisor of 1560268 and 64?
4
Calculate the greatest common factor of 682014 and 275406.
1182
What is the greatest common factor of 341227022 and 7796?
3898
What is the greatest common divisor of 6580 and 919508?
188
What is the greatest common factor of 580 and 2663708?
116
What is the greatest common divisor of 355 and 2043096?
71
Calculate the highest common divisor of 6731200 and 56700.
700
Calculate the greatest common divisor of 39045 and 1053525205.
13015
What is the greatest common divisor of 199392770 and 10?
10
What is the greatest common divisor of 2232472 and 107272?
2024
What is the highest common divisor of 28 and 121097956?
28
What is the greatest common factor of 7072 and 10891424?
544
What is the greatest common divisor of 32333 and 9759947?
4619
What is the greatest common divisor of 7491494 and 17324?
142
What is the highest common factor of 132132 and 322296?
156
What is the highest common divisor of 988672 and 523301?
1931
Calculate the greatest common factor of 393170568 and 15024.
7512
What is the highest common factor of 2116489 and 96521?
367
What is the highest common divisor of 33746 and 213286?
94
What is the greatest common factor of 122 and 1693726?
122
Calculate the highest common factor of 106657134 and 126.
6
What is the highest common divisor of 45 and 212645214?
9
What is the highest common factor of 2214 and 173084247?
369
Calculate the greatest common factor of 88 and 179313981.
11
What is the greatest common factor of 319140 and 64222?
394
Calculate the highest common factor of 2701 and 165316.
37
What is the highest common divisor of 11424 and 19098?
6
Calculate the highest common divisor of 90925 and 32875.
25
Calculate the highest common factor of 3426930 and 30.
30
Calculate the highest common divisor of 32 and 3135824.
16
What is the highest common divisor of 154654 and 181366?
106
Calculate the greatest common divisor of 7755 and 228320125.
2585
Calculate the highest common divisor of 154107740 and 280.
20
Calculate the greatest common divisor of 123852300 and 325.
325
What is the highest common factor of 24 and 18016287?
3
Calculate the greatest common factor of 198 and 3271122.
18
Calculate the greatest common divisor of 516226 and 152.
2
What is the highest common divisor of 63 and 10362303?
63
Calculate the greatest common factor of 733410 and 4060.
290
What is the highest common factor of 59950 and 3395700?
550
What is the greatest common divisor of 9259614 and 85995?
819
Calculate the highest common factor of 15931 and 1408959.
89
What is the highest common divisor of 16929278 and 6?
2
Calculate the highest common divisor of 24 and 4846665.
3
Calculate the highest common factor of 2166273 and 831015.
2817
What is the highest common divisor of 8649 and 118580673?
2883
What is the greatest common divisor of 192 and 121513216?
64
Calculate the highest common factor of 4635 and 38573397.
927
Calculate the highest common factor of 2410535 and 395.
5
What is the greatest common factor of 4522513 and 158?
79
Calculate the highest common factor of 5346105 and 8835.
465
Calculate the highest common divisor of 50405 and 2771.
17
Calculate the greatest common factor of 110 and 669982610.
110
What is the highest common divisor of 3656 and 14462222?
914
What is the highest common factor of 806033075 and 9575?
9575
Calculate the greatest common divisor of 552 and 9457176.
24
What is the greatest common divisor of 588892483 and 23?
23
What is the highest common factor of 65 and 12969125?
65
Calculate the greatest common divisor of 878220 and 5490660.
7140
What is the highest common factor of 287112 and 6024?
24
Calculate the highest common factor of 24728 and 438.
2
Calculate the highest common factor of 1285 and 525575.
5
Calculate the highest common factor of 452 and 40330717.
113
Calculate the greatest common factor of 1763699 and 238.
119
Calculate the greatest common divisor of 529359 and 1049180.
4769
What is the greatest common factor of 805 and 210203?
7
Calculate the greatest common factor of 250346 and 11535309.
1763
Calculate the greatest common factor of 15218 and 332402.
14
Calculate the greatest common factor of 9 and 233979.
3
Calculate the highest common factor of 44 and 3303102.
22
What is the greatest common factor of 2057571 and 54?
9
What is the highest common factor of 8435192 and 173116?
1532
Calculate the greatest common divisor of 1240344 and 2221320.
2568
Calculate the greatest common divisor of 3799922 and 2484.
46
What is the greatest common divisor of 43 and 70114338?
43
Calculate the highest common factor of 855992 and 46313.
1597
What is the greatest common divisor of 2282923608 and 2856?
2856
Calculate the highest common factor of 68252988 and 31131.
3459
What is the greatest common divisor of 28085612 and 1846?
142
Calculate the highest common factor of 3277547 and 2457.
91
Calculate the greatest common divisor of 2134 and 129159962.
194
Calculate the highest common divisor of 213 and 367680387.
213
What is the highest common factor of 184 and 57809856?
184
What is the greatest common factor of 19 and 1160184821?
19
What is the greatest common factor of 21 and 10645733?
7
What is the highest common factor of 128760 and 5610920?
1160
Calculate the highest common divisor of 1460 and 224958260.
1460
Calculate the greatest common divisor of 875940 and 1040.
260
What is the greatest common factor of 297 and 2936943?
9
What is the highest common divisor of 1318 and 1136815858?
1318
Calculate the highest common factor of 332220 and 1980.
60
Calculate the highest common factor of 3150040 and 8723.
61
What is the greatest common factor of 288 and 20597256?
72
What is the highest common divisor of 9987606 and 422505?
2061
Calculate the greatest common factor of 56 and 167797.
7
What is the highest common divisor of 4070 and 38438560?
370
What is the highest common divisor of 529 and 3795851?
23
What is the greatest common divisor of 159 and 3198609?
3
What is the greatest common factor of 2120 and 93283180?
1060
What is the highest common divisor of 144375 and 5961725?
1925
Calculate the highest common divisor of 123600 and 18320.
80
Calculate the highest common factor of 163 and 1009395593.
163
What is the highest common factor of 22475487 and 1245?
249
Calculate the highest common factor of 2083725 and 22113.
1701
What is the greatest common divisor of 356 and 56